{"id":3173,"date":"2022-05-08T20:42:28","date_gmt":"2022-05-08T20:42:28","guid":{"rendered":"https:\/\/inahsa.com\/tienda\/?post_type=product&#038;p=3173"},"modified":"2022-11-29T20:56:54","modified_gmt":"2022-11-29T20:56:54","slug":"farol-chapultepec-inahsa","status":"publish","type":"product","link":"https:\/\/inahsamx.com\/tienda\/product\/farol-chapultepec-inahsa\/","title":{"rendered":"Farol Chapultepec"},"content":{"rendered":"<p>Si quieres conocer m\u00e1s sobre\u00a0<a href=\"https:\/\/inahsa.com\/tienda\/tienda\/categoria-producto\/led-iluminacion\/punta-de-poste-led\/\">Punta de Poste LED<\/a>\u00a0visita nuestra categoria dedicada, tambi\u00e9n puedes visitar nuestros\u00a0dem\u00e1s\u00a0<a href=\"https:\/\/inahsa.com\/tienda\/tienda\/\">productos<\/a>\u00a0y si tienes alg\u00fan comentario no dudes en\u00a0<a href=\"https:\/\/inahsa.com\/tienda\/contacto.html\">contactarnos.<\/a><\/p>\n","protected":false},"excerpt":{"rendered":"<div class=\"woocommerce-product-details__short-description\">\n<ul>\n<li><strong>Carcaza<\/strong><\/li>\n<li style=\"list-style-type: none\">\n<ul>\n<li>Fabricado en aluminio moldeado en arena, con acabado en pintura poli\u00e9ster en color negro, aplicado por el proceso electroest\u00e1tico, dando una mayor protecci\u00f3n contra la corrosi\u00f3n.<\/li>\n<li>Se integran en su exterior herrajes en sus laterales en forma de poste de aluminio de color dorado.<\/li>\n<li>Cuenta con una base para poder colocarlo sobre la punta de un poste de hasta 9 cm de di\u00e1metro exterior e incluye tornillos para su fijaci\u00f3n<\/li>\n<\/ul>\n<\/li>\n<li><strong>Refractor<\/strong>\n<ul>\n<li>De vidrio plano termotemplado de forma rectangular en cada uno de sus laterales, resistentes a los impactos y a las variaciones de temperatura. Logrando una gran apertura \u00f3ptica sellando herm\u00e9ticamente su conjunto \u00f3ptico.<\/li>\n<\/ul>\n<\/li>\n<li><strong>Reflector<\/strong>\n<ul>\n<li>De vidrio esmerilado en forma de quinqu\u00e9 en color opalino<\/li>\n<\/ul>\n<\/li>\n<li><strong>Modulo de potencia<\/strong>\n<ul>\n<li>Con capacidad para alojar un balastro autorregulado tipo autotransformador para operar una l\u00e1mpara de alta intensidad de descarga (HID) de hasta 250 Watts en sus diferentes tipos de luz.<\/li>\n<\/ul>\n<\/li>\n<li><strong>Portal\u00e1mpara<\/strong>\n<ul>\n<li>De porcelana tipo mogul E39 o E40 que soporta picos de tensi\u00f3n de hasta 4KV<\/li>\n<\/ul>\n<\/li>\n<\/ul>\n<p>Debido a las diversas combinaciones que pueden darse entre los diferentes tipos de l\u00e1mparas sus potencias y tensiones de l\u00ednea (para el caso de los balastros de bajas perdidas y perdidas normales) es necesario tener una manera de codificaci\u00f3n para la variedad que se puedan tener.<\/p>\n<div class=\"btn\"><a href=\"https:\/\/inahsa.com\/tienda\/tienda\/wp-content\/uploads\/2020\/05\/chapultepec_new.pdf\" target=\"_blank\" rel=\"noopener noreferrer\">Descargar Ficha T\u00e9cnica<\/a><\/div>\n<div class=\"btn\"><a href=\"https:\/\/inahsa.com\/tienda\/tienda\/cotizaciones\/\">Cotizar<\/a><\/div>\n<\/div>\n","protected":false},"featured_media":3234,"comment_status":"closed","ping_status":"closed","template":"","meta":{"_joinchat":[]},"product_cat":[25,31],"product_tag":[],"class_list":["post-3173","product","type-product","status-publish","has-post-thumbnail","hentry","product_cat-3-hid-iluminacion","product_cat-punta-de-poste"],"yoast_head":"<!-- This site is optimized with the Yoast SEO plugin v19.0 - https:\/\/yoast.com\/wordpress\/plugins\/seo\/ -->\n<title>Farol Chapultepec - INAHSA<\/title>\n<meta name=\"robots\" content=\"index, follow, max-snippet:-1, max-image-preview:large, max-video-preview:-1\" \/>\n<link rel=\"canonical\" href=\"https:\/\/inahsamx.com\/tienda\/product\/farol-chapultepec-inahsa\/\" \/>\n<meta property=\"og:locale\" content=\"es_ES\" \/>\n<meta property=\"og:type\" content=\"article\" \/>\n<meta property=\"og:title\" content=\"Farol Chapultepec - INAHSA\" \/>\n<meta property=\"og:description\" content=\"Carcaza     Fabricado en aluminio moldeado en arena, con acabado en pintura poli\u00e9ster en color negro, aplicado por el proceso electroest\u00e1tico, dando una mayor protecci\u00f3n contra la corrosi\u00f3n.  Se integran en su exterior herrajes en sus laterales en forma de poste de aluminio de color dorado.  Cuenta con una base para poder colocarlo sobre la punta de un poste de hasta 9 cm de di\u00e1metro exterior e incluye tornillos para su fijaci\u00f3n    Refractor   De vidrio plano termotemplado de forma rectangular en cada uno de sus laterales, resistentes a los impactos y a las variaciones de temperatura. Logrando una gran apertura \u00f3ptica sellando herm\u00e9ticamente su conjunto \u00f3ptico.    Reflector   De vidrio esmerilado en forma de quinqu\u00e9 en color opalino    Modulo de potencia   Con capacidad para alojar un balastro autorregulado tipo autotransformador para operar una l\u00e1mpara de alta intensidad de descarga (HID) de hasta 250 Watts en sus diferentes tipos de luz.    Portal\u00e1mpara   De porcelana tipo mogul E39 o E40 que soporta picos de tensi\u00f3n de hasta 4KV    Debido a las diversas combinaciones que pueden darse entre los diferentes tipos de l\u00e1mparas sus potencias y tensiones de l\u00ednea (para el caso de los balastros de bajas perdidas y perdidas normales) es necesario tener una manera de codificaci\u00f3n para la variedad que se puedan tener. Descargar Ficha T\u00e9cnica Cotizar\" \/>\n<meta property=\"og:url\" content=\"https:\/\/inahsamx.com\/tienda\/product\/farol-chapultepec-inahsa\/\" \/>\n<meta property=\"og:site_name\" content=\"INAHSA\" \/>\n<meta property=\"article:modified_time\" content=\"2022-11-29T20:56:54+00:00\" \/>\n<meta property=\"og:image\" content=\"https:\/\/inahsamx.com\/tienda\/wp-content\/uploads\/2022\/05\/chapultepec.jpg\" \/>\n\t<meta property=\"og:image:width\" content=\"1000\" \/>\n\t<meta property=\"og:image:height\" content=\"1000\" \/>\n\t<meta property=\"og:image:type\" content=\"image\/jpeg\" \/>\n<meta name=\"twitter:card\" content=\"summary_large_image\" \/>\n<script type=\"application\/ld+json\" class=\"yoast-schema-graph\">{\"@context\":\"https:\/\/schema.org\",\"@graph\":[{\"@type\":\"WebSite\",\"@id\":\"https:\/\/inahsamx.com\/tienda\/#website\",\"url\":\"https:\/\/inahsamx.com\/tienda\/\",\"name\":\"INAHSA\",\"description\":\"Industrial Nacional de Alumbrado y Herrajes S.A de C.V.\",\"potentialAction\":[{\"@type\":\"SearchAction\",\"target\":{\"@type\":\"EntryPoint\",\"urlTemplate\":\"https:\/\/inahsamx.com\/tienda\/?s={search_term_string}\"},\"query-input\":\"required name=search_term_string\"}],\"inLanguage\":\"es\"},{\"@type\":\"ImageObject\",\"inLanguage\":\"es\",\"@id\":\"https:\/\/inahsamx.com\/tienda\/product\/farol-chapultepec-inahsa\/#primaryimage\",\"url\":\"https:\/\/inahsamx.com\/tienda\/wp-content\/uploads\/2022\/05\/chapultepec.jpg\",\"contentUrl\":\"https:\/\/inahsamx.com\/tienda\/wp-content\/uploads\/2022\/05\/chapultepec.jpg\",\"width\":1000,\"height\":1000},{\"@type\":\"WebPage\",\"@id\":\"https:\/\/inahsamx.com\/tienda\/product\/farol-chapultepec-inahsa\/#webpage\",\"url\":\"https:\/\/inahsamx.com\/tienda\/product\/farol-chapultepec-inahsa\/\",\"name\":\"Farol Chapultepec - INAHSA\",\"isPartOf\":{\"@id\":\"https:\/\/inahsamx.com\/tienda\/#website\"},\"primaryImageOfPage\":{\"@id\":\"https:\/\/inahsamx.com\/tienda\/product\/farol-chapultepec-inahsa\/#primaryimage\"},\"datePublished\":\"2022-05-08T20:42:28+00:00\",\"dateModified\":\"2022-11-29T20:56:54+00:00\",\"breadcrumb\":{\"@id\":\"https:\/\/inahsamx.com\/tienda\/product\/farol-chapultepec-inahsa\/#breadcrumb\"},\"inLanguage\":\"es\",\"potentialAction\":[{\"@type\":\"ReadAction\",\"target\":[\"https:\/\/inahsamx.com\/tienda\/product\/farol-chapultepec-inahsa\/\"]}]},{\"@type\":\"BreadcrumbList\",\"@id\":\"https:\/\/inahsamx.com\/tienda\/product\/farol-chapultepec-inahsa\/#breadcrumb\",\"itemListElement\":[{\"@type\":\"ListItem\",\"position\":1,\"name\":\"Portada\",\"item\":\"https:\/\/inahsamx.com\/tienda\/\"},{\"@type\":\"ListItem\",\"position\":2,\"name\":\"Tienda INAHSA\",\"item\":\"https:\/\/inahsamx.com\/tienda\/\"},{\"@type\":\"ListItem\",\"position\":3,\"name\":\"Farol Chapultepec\"}]}]}<\/script>\n<!-- \/ Yoast SEO plugin. -->","yoast_head_json":{"title":"Farol Chapultepec - INAHSA","robots":{"index":"index","follow":"follow","max-snippet":"max-snippet:-1","max-image-preview":"max-image-preview:large","max-video-preview":"max-video-preview:-1"},"canonical":"https:\/\/inahsamx.com\/tienda\/product\/farol-chapultepec-inahsa\/","og_locale":"es_ES","og_type":"article","og_title":"Farol Chapultepec - INAHSA","og_description":"Carcaza     Fabricado en aluminio moldeado en arena, con acabado en pintura poli\u00e9ster en color negro, aplicado por el proceso electroest\u00e1tico, dando una mayor protecci\u00f3n contra la corrosi\u00f3n.  Se integran en su exterior herrajes en sus laterales en forma de poste de aluminio de color dorado.  Cuenta con una base para poder colocarlo sobre la punta de un poste de hasta 9 cm de di\u00e1metro exterior e incluye tornillos para su fijaci\u00f3n    Refractor   De vidrio plano termotemplado de forma rectangular en cada uno de sus laterales, resistentes a los impactos y a las variaciones de temperatura. Logrando una gran apertura \u00f3ptica sellando herm\u00e9ticamente su conjunto \u00f3ptico.    Reflector   De vidrio esmerilado en forma de quinqu\u00e9 en color opalino    Modulo de potencia   Con capacidad para alojar un balastro autorregulado tipo autotransformador para operar una l\u00e1mpara de alta intensidad de descarga (HID) de hasta 250 Watts en sus diferentes tipos de luz.    Portal\u00e1mpara   De porcelana tipo mogul E39 o E40 que soporta picos de tensi\u00f3n de hasta 4KV    Debido a las diversas combinaciones que pueden darse entre los diferentes tipos de l\u00e1mparas sus potencias y tensiones de l\u00ednea (para el caso de los balastros de bajas perdidas y perdidas normales) es necesario tener una manera de codificaci\u00f3n para la variedad que se puedan tener. Descargar Ficha T\u00e9cnica Cotizar","og_url":"https:\/\/inahsamx.com\/tienda\/product\/farol-chapultepec-inahsa\/","og_site_name":"INAHSA","article_modified_time":"2022-11-29T20:56:54+00:00","og_image":[{"width":1000,"height":1000,"url":"https:\/\/inahsamx.com\/tienda\/wp-content\/uploads\/2022\/05\/chapultepec.jpg","type":"image\/jpeg"}],"twitter_card":"summary_large_image","schema":{"@context":"https:\/\/schema.org","@graph":[{"@type":"WebSite","@id":"https:\/\/inahsamx.com\/tienda\/#website","url":"https:\/\/inahsamx.com\/tienda\/","name":"INAHSA","description":"Industrial Nacional de Alumbrado y Herrajes S.A de C.V.","potentialAction":[{"@type":"SearchAction","target":{"@type":"EntryPoint","urlTemplate":"https:\/\/inahsamx.com\/tienda\/?s={search_term_string}"},"query-input":"required name=search_term_string"}],"inLanguage":"es"},{"@type":"ImageObject","inLanguage":"es","@id":"https:\/\/inahsamx.com\/tienda\/product\/farol-chapultepec-inahsa\/#primaryimage","url":"https:\/\/inahsamx.com\/tienda\/wp-content\/uploads\/2022\/05\/chapultepec.jpg","contentUrl":"https:\/\/inahsamx.com\/tienda\/wp-content\/uploads\/2022\/05\/chapultepec.jpg","width":1000,"height":1000},{"@type":"WebPage","@id":"https:\/\/inahsamx.com\/tienda\/product\/farol-chapultepec-inahsa\/#webpage","url":"https:\/\/inahsamx.com\/tienda\/product\/farol-chapultepec-inahsa\/","name":"Farol Chapultepec - INAHSA","isPartOf":{"@id":"https:\/\/inahsamx.com\/tienda\/#website"},"primaryImageOfPage":{"@id":"https:\/\/inahsamx.com\/tienda\/product\/farol-chapultepec-inahsa\/#primaryimage"},"datePublished":"2022-05-08T20:42:28+00:00","dateModified":"2022-11-29T20:56:54+00:00","breadcrumb":{"@id":"https:\/\/inahsamx.com\/tienda\/product\/farol-chapultepec-inahsa\/#breadcrumb"},"inLanguage":"es","potentialAction":[{"@type":"ReadAction","target":["https:\/\/inahsamx.com\/tienda\/product\/farol-chapultepec-inahsa\/"]}]},{"@type":"BreadcrumbList","@id":"https:\/\/inahsamx.com\/tienda\/product\/farol-chapultepec-inahsa\/#breadcrumb","itemListElement":[{"@type":"ListItem","position":1,"name":"Portada","item":"https:\/\/inahsamx.com\/tienda\/"},{"@type":"ListItem","position":2,"name":"Tienda INAHSA","item":"https:\/\/inahsamx.com\/tienda\/"},{"@type":"ListItem","position":3,"name":"Farol Chapultepec"}]}]}},"_links":{"self":[{"href":"https:\/\/inahsamx.com\/tienda\/wp-json\/wp\/v2\/product\/3173","targetHints":{"allow":["GET"]}}],"collection":[{"href":"https:\/\/inahsamx.com\/tienda\/wp-json\/wp\/v2\/product"}],"about":[{"href":"https:\/\/inahsamx.com\/tienda\/wp-json\/wp\/v2\/types\/product"}],"replies":[{"embeddable":true,"href":"https:\/\/inahsamx.com\/tienda\/wp-json\/wp\/v2\/comments?post=3173"}],"wp:featuredmedia":[{"embeddable":true,"href":"https:\/\/inahsamx.com\/tienda\/wp-json\/wp\/v2\/media\/3234"}],"wp:attachment":[{"href":"https:\/\/inahsamx.com\/tienda\/wp-json\/wp\/v2\/media?parent=3173"}],"wp:term":[{"taxonomy":"product_cat","embeddable":true,"href":"https:\/\/inahsamx.com\/tienda\/wp-json\/wp\/v2\/product_cat?post=3173"},{"taxonomy":"product_tag","embeddable":true,"href":"https:\/\/inahsamx.com\/tienda\/wp-json\/wp\/v2\/product_tag?post=3173"}],"curies":[{"name":"wp","href":"https:\/\/api.w.org\/{rel}","templated":true}]}}