{"id":4242,"date":"2022-07-25T22:42:51","date_gmt":"2022-07-25T22:42:51","guid":{"rendered":"https:\/\/inahsa.com\/tienda\/?post_type=product&#038;p=4242"},"modified":"2022-11-28T22:49:38","modified_gmt":"2022-11-28T22:49:38","slug":"poste-recto-circular-inahsa","status":"publish","type":"product","link":"https:\/\/inahsamx.com\/tienda\/product\/poste-recto-circular-inahsa\/","title":{"rendered":"Poste recto"},"content":{"rendered":"<ul>\n<li>Los postes rectos de secci\u00f3n circular son manufacturados en una sola pieza, en tubo redondo de acero cedula 30 de 3 \u00bd&#8221;di\u00e1metro.<\/li>\n<li>Fabricado en placa de acero A 36, con orificios para pernos (anclas) de anclaje que sirven para su fijaci\u00f3n.<\/li>\n<li>Se integra en la parte inferior un refuerzo con cuatro cartabones de forma triangular soldadas a la base y el poste.<\/li>\n<li>En la corona se puede o no un niple para descanso de luminarias punta de poste, seg\u00fan se especifique<\/li>\n<li>En el tronco se integra un registro de 100 x 65 mm colocado a 350 mm de la base, incluye tapa atornillada para realizar conexiones el\u00e9ctricas.<\/li>\n<\/ul>\n<p><a href=\"https:\/\/inahsa.com\/tienda\/wp-content\/uploads\/2022\/07\/CATALOGO-POSTES-RECTO.pdf\">Descargar Ficha T\u00e9cnica <\/a><\/p>\n","protected":false},"excerpt":{"rendered":"<p>POSTE RECTO CIRCULAR DE:<\/p>\n<ul>\n<li>3 METROS<\/li>\n<li>4 METROS<\/li>\n<li>5 METROS<\/li>\n<li>6 METROS<\/li>\n<\/ul>\n<p>Los acabados son aplicados seg\u00fan la especificaci\u00f3n y caracter\u00edsticas que se requieran.<br \/>\nPara la disponibilidad de colores en los productos ser\u00e1 mediante un pedido m\u00ednimo de producto, y bajo<br \/>\nespecificaciones del tono de color descrito por el solicitante.<\/p>\n<p><a href=\"http:\/\/inahsa.com\/contacto.html\">Cotizar para proyecto<\/a><\/p>\n","protected":false},"featured_media":4245,"comment_status":"open","ping_status":"closed","template":"","meta":{"_joinchat":[]},"product_cat":[32],"product_tag":[],"class_list":["post-4242","product","type-product","status-publish","has-post-thumbnail","hentry","product_cat-4-postes-y-herrajes"],"yoast_head":"<!-- This site is optimized with the Yoast SEO plugin v19.0 - https:\/\/yoast.com\/wordpress\/plugins\/seo\/ -->\n<title>Poste recto - INAHSA<\/title>\n<meta name=\"robots\" content=\"index, follow, max-snippet:-1, max-image-preview:large, max-video-preview:-1\" \/>\n<link rel=\"canonical\" href=\"https:\/\/inahsamx.com\/tienda\/product\/poste-recto-circular-inahsa\/\" \/>\n<meta property=\"og:locale\" content=\"es_ES\" \/>\n<meta property=\"og:type\" content=\"article\" \/>\n<meta property=\"og:title\" content=\"Poste recto - INAHSA\" \/>\n<meta property=\"og:description\" content=\"POSTE RECTO CIRCULAR DE:   3 METROS  4 METROS  5 METROS  6 METROS  Los acabados son aplicados seg\u00fan la especificaci\u00f3n y caracter\u00edsticas que se requieran. Para la disponibilidad de colores en los productos ser\u00e1 mediante un pedido m\u00ednimo de producto, y bajo especificaciones del tono de color descrito por el solicitante.  Cotizar para proyecto\" \/>\n<meta property=\"og:url\" content=\"https:\/\/inahsamx.com\/tienda\/product\/poste-recto-circular-inahsa\/\" \/>\n<meta property=\"og:site_name\" content=\"INAHSA\" \/>\n<meta property=\"article:modified_time\" content=\"2022-11-28T22:49:38+00:00\" \/>\n<meta property=\"og:image\" content=\"https:\/\/inahsamx.com\/tienda\/wp-content\/uploads\/2022\/07\/untitled.33.jpg\" \/>\n\t<meta property=\"og:image:width\" content=\"1600\" \/>\n\t<meta property=\"og:image:height\" content=\"1209\" \/>\n\t<meta property=\"og:image:type\" content=\"image\/jpeg\" \/>\n<meta name=\"twitter:card\" content=\"summary_large_image\" \/>\n<meta name=\"twitter:label1\" content=\"Tiempo de lectura\" \/>\n\t<meta name=\"twitter:data1\" content=\"1 minuto\" \/>\n<script type=\"application\/ld+json\" class=\"yoast-schema-graph\">{\"@context\":\"https:\/\/schema.org\",\"@graph\":[{\"@type\":\"WebSite\",\"@id\":\"https:\/\/inahsamx.com\/tienda\/#website\",\"url\":\"https:\/\/inahsamx.com\/tienda\/\",\"name\":\"INAHSA\",\"description\":\"Industrial Nacional de Alumbrado y Herrajes S.A de C.V.\",\"potentialAction\":[{\"@type\":\"SearchAction\",\"target\":{\"@type\":\"EntryPoint\",\"urlTemplate\":\"https:\/\/inahsamx.com\/tienda\/?s={search_term_string}\"},\"query-input\":\"required name=search_term_string\"}],\"inLanguage\":\"es\"},{\"@type\":\"ImageObject\",\"inLanguage\":\"es\",\"@id\":\"https:\/\/inahsamx.com\/tienda\/product\/poste-recto-circular-inahsa\/#primaryimage\",\"url\":\"https:\/\/inahsamx.com\/tienda\/wp-content\/uploads\/2022\/07\/untitled.33.jpg\",\"contentUrl\":\"https:\/\/inahsamx.com\/tienda\/wp-content\/uploads\/2022\/07\/untitled.33.jpg\",\"width\":1600,\"height\":1209},{\"@type\":\"WebPage\",\"@id\":\"https:\/\/inahsamx.com\/tienda\/product\/poste-recto-circular-inahsa\/#webpage\",\"url\":\"https:\/\/inahsamx.com\/tienda\/product\/poste-recto-circular-inahsa\/\",\"name\":\"Poste recto - INAHSA\",\"isPartOf\":{\"@id\":\"https:\/\/inahsamx.com\/tienda\/#website\"},\"primaryImageOfPage\":{\"@id\":\"https:\/\/inahsamx.com\/tienda\/product\/poste-recto-circular-inahsa\/#primaryimage\"},\"datePublished\":\"2022-07-25T22:42:51+00:00\",\"dateModified\":\"2022-11-28T22:49:38+00:00\",\"breadcrumb\":{\"@id\":\"https:\/\/inahsamx.com\/tienda\/product\/poste-recto-circular-inahsa\/#breadcrumb\"},\"inLanguage\":\"es\",\"potentialAction\":[{\"@type\":\"ReadAction\",\"target\":[\"https:\/\/inahsamx.com\/tienda\/product\/poste-recto-circular-inahsa\/\"]}]},{\"@type\":\"BreadcrumbList\",\"@id\":\"https:\/\/inahsamx.com\/tienda\/product\/poste-recto-circular-inahsa\/#breadcrumb\",\"itemListElement\":[{\"@type\":\"ListItem\",\"position\":1,\"name\":\"Portada\",\"item\":\"https:\/\/inahsamx.com\/tienda\/\"},{\"@type\":\"ListItem\",\"position\":2,\"name\":\"Tienda INAHSA\",\"item\":\"https:\/\/inahsamx.com\/tienda\/\"},{\"@type\":\"ListItem\",\"position\":3,\"name\":\"Poste recto\"}]}]}<\/script>\n<!-- \/ Yoast SEO plugin. -->","yoast_head_json":{"title":"Poste recto - INAHSA","robots":{"index":"index","follow":"follow","max-snippet":"max-snippet:-1","max-image-preview":"max-image-preview:large","max-video-preview":"max-video-preview:-1"},"canonical":"https:\/\/inahsamx.com\/tienda\/product\/poste-recto-circular-inahsa\/","og_locale":"es_ES","og_type":"article","og_title":"Poste recto - INAHSA","og_description":"POSTE RECTO CIRCULAR DE:   3 METROS  4 METROS  5 METROS  6 METROS  Los acabados son aplicados seg\u00fan la especificaci\u00f3n y caracter\u00edsticas que se requieran. Para la disponibilidad de colores en los productos ser\u00e1 mediante un pedido m\u00ednimo de producto, y bajo especificaciones del tono de color descrito por el solicitante.  Cotizar para proyecto","og_url":"https:\/\/inahsamx.com\/tienda\/product\/poste-recto-circular-inahsa\/","og_site_name":"INAHSA","article_modified_time":"2022-11-28T22:49:38+00:00","og_image":[{"width":1600,"height":1209,"url":"https:\/\/inahsamx.com\/tienda\/wp-content\/uploads\/2022\/07\/untitled.33.jpg","type":"image\/jpeg"}],"twitter_card":"summary_large_image","twitter_misc":{"Tiempo de lectura":"1 minuto"},"schema":{"@context":"https:\/\/schema.org","@graph":[{"@type":"WebSite","@id":"https:\/\/inahsamx.com\/tienda\/#website","url":"https:\/\/inahsamx.com\/tienda\/","name":"INAHSA","description":"Industrial Nacional de Alumbrado y Herrajes S.A de C.V.","potentialAction":[{"@type":"SearchAction","target":{"@type":"EntryPoint","urlTemplate":"https:\/\/inahsamx.com\/tienda\/?s={search_term_string}"},"query-input":"required name=search_term_string"}],"inLanguage":"es"},{"@type":"ImageObject","inLanguage":"es","@id":"https:\/\/inahsamx.com\/tienda\/product\/poste-recto-circular-inahsa\/#primaryimage","url":"https:\/\/inahsamx.com\/tienda\/wp-content\/uploads\/2022\/07\/untitled.33.jpg","contentUrl":"https:\/\/inahsamx.com\/tienda\/wp-content\/uploads\/2022\/07\/untitled.33.jpg","width":1600,"height":1209},{"@type":"WebPage","@id":"https:\/\/inahsamx.com\/tienda\/product\/poste-recto-circular-inahsa\/#webpage","url":"https:\/\/inahsamx.com\/tienda\/product\/poste-recto-circular-inahsa\/","name":"Poste recto - INAHSA","isPartOf":{"@id":"https:\/\/inahsamx.com\/tienda\/#website"},"primaryImageOfPage":{"@id":"https:\/\/inahsamx.com\/tienda\/product\/poste-recto-circular-inahsa\/#primaryimage"},"datePublished":"2022-07-25T22:42:51+00:00","dateModified":"2022-11-28T22:49:38+00:00","breadcrumb":{"@id":"https:\/\/inahsamx.com\/tienda\/product\/poste-recto-circular-inahsa\/#breadcrumb"},"inLanguage":"es","potentialAction":[{"@type":"ReadAction","target":["https:\/\/inahsamx.com\/tienda\/product\/poste-recto-circular-inahsa\/"]}]},{"@type":"BreadcrumbList","@id":"https:\/\/inahsamx.com\/tienda\/product\/poste-recto-circular-inahsa\/#breadcrumb","itemListElement":[{"@type":"ListItem","position":1,"name":"Portada","item":"https:\/\/inahsamx.com\/tienda\/"},{"@type":"ListItem","position":2,"name":"Tienda INAHSA","item":"https:\/\/inahsamx.com\/tienda\/"},{"@type":"ListItem","position":3,"name":"Poste recto"}]}]}},"_links":{"self":[{"href":"https:\/\/inahsamx.com\/tienda\/wp-json\/wp\/v2\/product\/4242","targetHints":{"allow":["GET"]}}],"collection":[{"href":"https:\/\/inahsamx.com\/tienda\/wp-json\/wp\/v2\/product"}],"about":[{"href":"https:\/\/inahsamx.com\/tienda\/wp-json\/wp\/v2\/types\/product"}],"replies":[{"embeddable":true,"href":"https:\/\/inahsamx.com\/tienda\/wp-json\/wp\/v2\/comments?post=4242"}],"wp:featuredmedia":[{"embeddable":true,"href":"https:\/\/inahsamx.com\/tienda\/wp-json\/wp\/v2\/media\/4245"}],"wp:attachment":[{"href":"https:\/\/inahsamx.com\/tienda\/wp-json\/wp\/v2\/media?parent=4242"}],"wp:term":[{"taxonomy":"product_cat","embeddable":true,"href":"https:\/\/inahsamx.com\/tienda\/wp-json\/wp\/v2\/product_cat?post=4242"},{"taxonomy":"product_tag","embeddable":true,"href":"https:\/\/inahsamx.com\/tienda\/wp-json\/wp\/v2\/product_tag?post=4242"}],"curies":[{"name":"wp","href":"https:\/\/api.w.org\/{rel}","templated":true}]}}