{"id":4430,"date":"2022-11-28T20:42:52","date_gmt":"2022-11-28T20:42:52","guid":{"rendered":"https:\/\/inahsa.com\/tienda\/?post_type=product&#038;p=4430"},"modified":"2022-11-29T11:50:49","modified_gmt":"2022-11-29T11:50:49","slug":"proyector-autobalastrado-21","status":"publish","type":"product","link":"https:\/\/inahsamx.com\/tienda\/product\/proyector-autobalastrado-21\/","title":{"rendered":"Proyector Autobalastrado 21&#8243;"},"content":{"rendered":"<p>Proyector Autobalastrado 21&#8243; -INAHSA<\/p>\n<p>Fabricado aluminio por fundici\u00f3n en arena, dando resistencia a la luminaria, con acabado en pintura a base de poli\u00e9ster en color gris aplicada por proceso electrost\u00e1tico.<\/p>\n<p>Aplicaciones:<\/p>\n<ul>\n<li>Patios de maniobras<\/li>\n<li>Campos deportivos<\/li>\n<li>Accesos industriales<\/li>\n<li>Iluminaci\u00f3n de edificios<\/li>\n<li>\u00c1reas de construcci\u00f3n<\/li>\n<li>Anuncios espectaculares<\/li>\n<\/ul>\n","protected":false},"excerpt":{"rendered":"<p>&nbsp;<\/p>\n<p><a href=\"https:\/\/inahsa.com\/tienda\/wp-content\/uploads\/2022\/11\/CATALOGO-PROYECTOR-CIRCULAR-AUTOBALASTRADO-21_rev.pdf\">Descargar Ficha T\u00e9cnica<\/a><\/p>\n<p><a href=\"http:\/\/inahsa.com\/contacto.html\">Cotizar para proyecto<\/a><\/p>\n","protected":false},"featured_media":3245,"comment_status":"open","ping_status":"closed","template":"","meta":{"_joinchat":[]},"product_cat":[25,26],"product_tag":[],"class_list":["post-4430","product","type-product","status-publish","has-post-thumbnail","hentry","product_cat-3-hid-iluminacion","product_cat-iluminacion-industrial"],"yoast_head":"<!-- This site is optimized with the Yoast SEO plugin v19.0 - https:\/\/yoast.com\/wordpress\/plugins\/seo\/ -->\n<title>Proyector Autobalastrado 21&quot; - INAHSA<\/title>\n<meta name=\"robots\" content=\"index, follow, max-snippet:-1, max-image-preview:large, max-video-preview:-1\" \/>\n<link rel=\"canonical\" href=\"https:\/\/inahsamx.com\/tienda\/product\/proyector-autobalastrado-21\/\" \/>\n<meta property=\"og:locale\" content=\"es_ES\" \/>\n<meta property=\"og:type\" content=\"article\" \/>\n<meta property=\"og:title\" content=\"Proyector Autobalastrado 21&quot; - INAHSA\" \/>\n<meta property=\"og:description\" content=\"&nbsp;  Descargar Ficha T\u00e9cnica  Cotizar para proyecto\" \/>\n<meta property=\"og:url\" content=\"https:\/\/inahsamx.com\/tienda\/product\/proyector-autobalastrado-21\/\" \/>\n<meta property=\"og:site_name\" content=\"INAHSA\" \/>\n<meta property=\"article:modified_time\" content=\"2022-11-29T11:50:49+00:00\" \/>\n<meta property=\"og:image\" content=\"https:\/\/inahsamx.com\/tienda\/wp-content\/uploads\/2022\/05\/proyector_circular_autobalastrado-.jpg\" \/>\n\t<meta property=\"og:image:width\" content=\"800\" \/>\n\t<meta property=\"og:image:height\" content=\"800\" \/>\n\t<meta property=\"og:image:type\" content=\"image\/jpeg\" \/>\n<meta name=\"twitter:card\" content=\"summary_large_image\" \/>\n<script type=\"application\/ld+json\" class=\"yoast-schema-graph\">{\"@context\":\"https:\/\/schema.org\",\"@graph\":[{\"@type\":\"WebSite\",\"@id\":\"https:\/\/inahsamx.com\/tienda\/#website\",\"url\":\"https:\/\/inahsamx.com\/tienda\/\",\"name\":\"INAHSA\",\"description\":\"Industrial Nacional de Alumbrado y Herrajes S.A de C.V.\",\"potentialAction\":[{\"@type\":\"SearchAction\",\"target\":{\"@type\":\"EntryPoint\",\"urlTemplate\":\"https:\/\/inahsamx.com\/tienda\/?s={search_term_string}\"},\"query-input\":\"required name=search_term_string\"}],\"inLanguage\":\"es\"},{\"@type\":\"ImageObject\",\"inLanguage\":\"es\",\"@id\":\"https:\/\/inahsamx.com\/tienda\/product\/proyector-autobalastrado-21\/#primaryimage\",\"url\":\"https:\/\/inahsamx.com\/tienda\/wp-content\/uploads\/2022\/05\/proyector_circular_autobalastrado-.jpg\",\"contentUrl\":\"https:\/\/inahsamx.com\/tienda\/wp-content\/uploads\/2022\/05\/proyector_circular_autobalastrado-.jpg\",\"width\":800,\"height\":800},{\"@type\":\"WebPage\",\"@id\":\"https:\/\/inahsamx.com\/tienda\/product\/proyector-autobalastrado-21\/#webpage\",\"url\":\"https:\/\/inahsamx.com\/tienda\/product\/proyector-autobalastrado-21\/\",\"name\":\"Proyector Autobalastrado 21\\\" - INAHSA\",\"isPartOf\":{\"@id\":\"https:\/\/inahsamx.com\/tienda\/#website\"},\"primaryImageOfPage\":{\"@id\":\"https:\/\/inahsamx.com\/tienda\/product\/proyector-autobalastrado-21\/#primaryimage\"},\"datePublished\":\"2022-11-28T20:42:52+00:00\",\"dateModified\":\"2022-11-29T11:50:49+00:00\",\"breadcrumb\":{\"@id\":\"https:\/\/inahsamx.com\/tienda\/product\/proyector-autobalastrado-21\/#breadcrumb\"},\"inLanguage\":\"es\",\"potentialAction\":[{\"@type\":\"ReadAction\",\"target\":[\"https:\/\/inahsamx.com\/tienda\/product\/proyector-autobalastrado-21\/\"]}]},{\"@type\":\"BreadcrumbList\",\"@id\":\"https:\/\/inahsamx.com\/tienda\/product\/proyector-autobalastrado-21\/#breadcrumb\",\"itemListElement\":[{\"@type\":\"ListItem\",\"position\":1,\"name\":\"Portada\",\"item\":\"https:\/\/inahsamx.com\/tienda\/\"},{\"@type\":\"ListItem\",\"position\":2,\"name\":\"Tienda INAHSA\",\"item\":\"https:\/\/inahsamx.com\/tienda\/\"},{\"@type\":\"ListItem\",\"position\":3,\"name\":\"Proyector Autobalastrado 21&#8243;\"}]}]}<\/script>\n<!-- \/ Yoast SEO plugin. -->","yoast_head_json":{"title":"Proyector Autobalastrado 21\" - INAHSA","robots":{"index":"index","follow":"follow","max-snippet":"max-snippet:-1","max-image-preview":"max-image-preview:large","max-video-preview":"max-video-preview:-1"},"canonical":"https:\/\/inahsamx.com\/tienda\/product\/proyector-autobalastrado-21\/","og_locale":"es_ES","og_type":"article","og_title":"Proyector Autobalastrado 21\" - INAHSA","og_description":"&nbsp;  Descargar Ficha T\u00e9cnica  Cotizar para proyecto","og_url":"https:\/\/inahsamx.com\/tienda\/product\/proyector-autobalastrado-21\/","og_site_name":"INAHSA","article_modified_time":"2022-11-29T11:50:49+00:00","og_image":[{"width":800,"height":800,"url":"https:\/\/inahsamx.com\/tienda\/wp-content\/uploads\/2022\/05\/proyector_circular_autobalastrado-.jpg","type":"image\/jpeg"}],"twitter_card":"summary_large_image","schema":{"@context":"https:\/\/schema.org","@graph":[{"@type":"WebSite","@id":"https:\/\/inahsamx.com\/tienda\/#website","url":"https:\/\/inahsamx.com\/tienda\/","name":"INAHSA","description":"Industrial Nacional de Alumbrado y Herrajes S.A de C.V.","potentialAction":[{"@type":"SearchAction","target":{"@type":"EntryPoint","urlTemplate":"https:\/\/inahsamx.com\/tienda\/?s={search_term_string}"},"query-input":"required name=search_term_string"}],"inLanguage":"es"},{"@type":"ImageObject","inLanguage":"es","@id":"https:\/\/inahsamx.com\/tienda\/product\/proyector-autobalastrado-21\/#primaryimage","url":"https:\/\/inahsamx.com\/tienda\/wp-content\/uploads\/2022\/05\/proyector_circular_autobalastrado-.jpg","contentUrl":"https:\/\/inahsamx.com\/tienda\/wp-content\/uploads\/2022\/05\/proyector_circular_autobalastrado-.jpg","width":800,"height":800},{"@type":"WebPage","@id":"https:\/\/inahsamx.com\/tienda\/product\/proyector-autobalastrado-21\/#webpage","url":"https:\/\/inahsamx.com\/tienda\/product\/proyector-autobalastrado-21\/","name":"Proyector Autobalastrado 21\" - INAHSA","isPartOf":{"@id":"https:\/\/inahsamx.com\/tienda\/#website"},"primaryImageOfPage":{"@id":"https:\/\/inahsamx.com\/tienda\/product\/proyector-autobalastrado-21\/#primaryimage"},"datePublished":"2022-11-28T20:42:52+00:00","dateModified":"2022-11-29T11:50:49+00:00","breadcrumb":{"@id":"https:\/\/inahsamx.com\/tienda\/product\/proyector-autobalastrado-21\/#breadcrumb"},"inLanguage":"es","potentialAction":[{"@type":"ReadAction","target":["https:\/\/inahsamx.com\/tienda\/product\/proyector-autobalastrado-21\/"]}]},{"@type":"BreadcrumbList","@id":"https:\/\/inahsamx.com\/tienda\/product\/proyector-autobalastrado-21\/#breadcrumb","itemListElement":[{"@type":"ListItem","position":1,"name":"Portada","item":"https:\/\/inahsamx.com\/tienda\/"},{"@type":"ListItem","position":2,"name":"Tienda INAHSA","item":"https:\/\/inahsamx.com\/tienda\/"},{"@type":"ListItem","position":3,"name":"Proyector Autobalastrado 21&#8243;"}]}]}},"_links":{"self":[{"href":"https:\/\/inahsamx.com\/tienda\/wp-json\/wp\/v2\/product\/4430","targetHints":{"allow":["GET"]}}],"collection":[{"href":"https:\/\/inahsamx.com\/tienda\/wp-json\/wp\/v2\/product"}],"about":[{"href":"https:\/\/inahsamx.com\/tienda\/wp-json\/wp\/v2\/types\/product"}],"replies":[{"embeddable":true,"href":"https:\/\/inahsamx.com\/tienda\/wp-json\/wp\/v2\/comments?post=4430"}],"wp:featuredmedia":[{"embeddable":true,"href":"https:\/\/inahsamx.com\/tienda\/wp-json\/wp\/v2\/media\/3245"}],"wp:attachment":[{"href":"https:\/\/inahsamx.com\/tienda\/wp-json\/wp\/v2\/media?parent=4430"}],"wp:term":[{"taxonomy":"product_cat","embeddable":true,"href":"https:\/\/inahsamx.com\/tienda\/wp-json\/wp\/v2\/product_cat?post=4430"},{"taxonomy":"product_tag","embeddable":true,"href":"https:\/\/inahsamx.com\/tienda\/wp-json\/wp\/v2\/product_tag?post=4430"}],"curies":[{"name":"wp","href":"https:\/\/api.w.org\/{rel}","templated":true}]}}